are the prime factors of a(-3)?
2
Let o(j) = -j + 1. Let x be o(0). Let z be (-2)/(-2) - (-10 - -4). List the prime factors of (z - 4) + 17/x.
2, 5
Let s be (-5)/(25/4)*10. Suppose -5*q - 108 = 2*n, -q - 2*q - 80 = 5*n. Let v = s - q. List the prime factors of v.
2, 3
Let b(g) = -g**3 - g**2 + g + 3. Let s be b(0). Let j = 1 - s. List the prime factors of (3 + j)/((-2)/(-22)).
11
Let d = -4 - -1. What are the prime factors of d*(-1 + 4/(-3))?
7
Let b(z) be the second derivative of -z**5/20 - z**4/2 - z**3/6 - 3*z**2/2 - 4*z. List the prime factors of b(-6).
3
Suppose 0 = 8*h - 4*h - 240. List the prime factors of (3/(-6))/((-3)/h).
2, 5
Suppose -x + 3 = -z, -3*x + z + 2 = 5*z. Let c be 2/(-6) + x/6. Suppose -4*m + 2 + 14 = c. What are the prime factors of m?
2
Suppose 5*r + 145 = 5*d, 3*r + r + 17 = d. What are the prime factors of d?
3, 11
Let j be 2/((-12)/(-9))*2. Let f be 56/j - (-2)/(-3). Suppose -6*d - 4 = -3*d + 5*m, 4*d - f = 5*m. What are the prime factors of d?
2
Suppose -2 + 12 = -2*l. Let m = 5 + l. What are the prime factors of (-2)/(4/(-10)) + m?
5
Let x be 38/(-6) + 2/6. List the prime factors of x + 5 + 5/1.
2
Let l(m) = -3*m**2 - 3*m. Let u be l(-2). Let p = -3 - u. List the prime factors of p.
3
Let k(q) be the second derivative of q**5/5 + q**4/12 - 2*q. What are the prime factors of k(1)?
5
Suppose 9*n - 6*n - 612 = 0. List the prime factors of n.
2, 3, 17
Suppose 2*o - 4*m + 1 - 13 = 0, 4*o - 3*m = 49. Suppose 0 = -3*r + 2*r + 3. Suppose o = y + r. List the prime factors of y.
13
Let q = -18 - -20. Let j(s) = 4*s**3 - 2*s**2 + 2*s - 3. List the prime factors of j(q).
5
Suppose 0*b - 5*b + 268 = r, b - 62 = -3*r. What are the prime factors of b?
53
Let k be (3 - 42)*(0 + -1). Suppose 4*u = u + k. List the prime factors of u.
13
Let c = 1 + 3. Suppose 3*n + 25 = 4*n - c*x, -5*n + 95 = -5*x. List the prime factors of n.
17
Let i = 47 + -17. What are the prime factors of i?
2, 3, 5
Let l(v) = 28*v - 3. Let w be 3/12 - 29/4. Let j(d) = 9*d - 1. Let b(u) = w*j(u) + 2*l(u). List the prime factors of b(-1).
2
Suppose 2*c = -2*m + 22 + 28, 0 = 2*m + 4*c - 54. What are the prime factors of m?
23
Suppose s + 3*s - o + 34 = 0, 4*s = 4*o - 40. Let m = 11 + s. What are the prime factors of m?
3
Let j be ((-3)/(-1))/(15/(-50)). What are the prime factors of 0 + 0 - (j - 0)?
2, 5
Suppose -4*a - 114 = -546. What are the prime factors of a?
2, 3
Let x(h) = h**3 - 7*h**2 + 9*h - 7. Let c = 8 + -2. What are the prime factors of x(c)?
11
Suppose 0 = 2*l + w - 155, l - 5*l + 309 = w. Suppose -2*i + l = 21. Suppose 0 = 2*z - 6*z + i. What are the prime factors of z?
7
Let v = 5 - 5. Suppose -i + v*i = -26. List the prime factors of i.
2, 13
Let z be 2/3 + (-120)/(-36). Let c(b) = -b**2 + 8*b - 1. What are the prime factors of c(z)?
3, 5
Let f be 124/44 + 2/11. Let h = -4 - f. Let y(i) = -3*i - 10. List the prime factors of y(h).
11
Suppose -2*z = 3*o - 67, 3*o - z - 71 = -5*z. Let k = o - 3. List the prime factors of k.
2, 3
Suppose 3*u = -i + 54, i = -u - 4*u + 56. Let t = i - 35. List the prime factors of t.
2
Let n(f) = f. Let t be n(4). Suppose 3*s + 3 - 8 = -c, 0 = -3*c - t*s + 15. Suppose -a + c*r + 4 = 0, 3*a + 3*r - 20 = 2*a. List the prime factors of a.
2, 7
Let k(f) = -29*f + 1. Suppose 3*g - 2*g + 1 = 0. List the prime factors of k(g).
2, 3, 5
Suppose 72 = 5*u - 4*r, 3*u + 2*r - 11 - 19 = 0. What are the prime factors of u?
2, 3
Suppose -8 = 2*n, 5*r = 3*n + 98 + 169. List the prime factors of r.
3, 17
List the prime factors of (-714)/(-12) - (-9)/6.
61
Suppose 0*h + 163 = 3*h - x, h = 3*x + 65. What are the prime factors of h?
53
Let t(y) = 3*y + 2. Let i(a) = a**3 + 3*a**2 + 3*a + 3. Let v be i(-3). Let x(g) = -2*g - 1. Let q(p) = v*t(p) - 10*x(p). What are the prime factors of q(7)?
2, 3
Let q(u) = u**2 - 4*u - 3. What are the prime factors of q(5)?
2
Let g = -1 - -52. List the prime factors of g.
3, 17
Suppose -5*k + 908 = v, -4*k = -3*v - 595 - 120. List the prime factors of k.
181
What are the prime factors of (-12)/20 + 158/5?
31
Let p(m) = -m**3 - 3*m**2 - 3*m - 4. Let r be p(-3). Let t(f) = f**3 - 6*f**2 + 3*f + 7. Let c be t(r). What are the prime factors of (c/1 + 1)/(-1)?
2
Let w = -6 + 9. Let b be (-2)/w - 77/(-21). Suppose -q = b*q - 12. What are the prime factors of q?
3
Let t = -13 + 9. Let l = t + 5. Let v = 2 + l. What are the prime factors of v?
3
Suppose 29 = -2*h + 143. Let q = -41 + h. Let s = 25 - q. What are the prime factors of s?
3
Suppose 3*w = 2*n - 9, 7*n - 4*n - 9 = 3*w. Let v(o) = o + 46. What are the prime factors of v(n)?
2, 23
Let p = -11 + 3. Let q = 13 + p. What are the prime factors of q/15*(1 - -11)?
2
Let z(i) = -2 - 2 - i - 1. Let d = -13 - -5. List the prime factors of z(d).
3
Let h = 5 + -12. Let a be 4/4*(-4 + -1). Let q = a - h. List the prime factors of q.
2
Let o(b) = -b**3 + b**2 - b + 12. Suppose 0 = -4*u + 4*j + 4, 4 = u + u - 4*j. Let v be (-1 + u)/(-1) + -1. What are the prime factors of o(v)?
2, 3
Let k(h) = 0*h - 5*h + 3*h. Let u be k(-1). Suppose -32 = -6*t + u*t. List the prime factors of t.
2
Suppose 0 = -4*c + 8*c + 4. What are the prime factors of 3 + 3/c + 2?
2
Suppose 5*g + 6 = 31. Suppose -3*w = -g - 43. List the prime factors of w.
2
Let m = 38 + -21. List the prime factors of m.
17
Suppose 0*w = -4*w + 80. Suppose -3*x = -4*n - 188, -x + 60 = -n - n. Suppose -4*p - w = -x. What are the prime factors of p?
2, 3
Let y(p) = 47*p + 28. What are the prime factors of y(5)?
263
Let r(t) = t**3 + 6*t**2 - 12*t - 3. Let x be r(-8). Let v = 5 - x. Suppose 0 = -2*g - 4*f + v, -4*g - 5*f = 1 - 72. List the prime factors of g.
2, 7
Let g(p) = -5*p**2 + 9*p + 6. Let q(z) = -z**2. Let h(x) = -g(x) + 4*q(x). List the prime factors of h(13).
2, 23
List the prime factors of (15 + 0 + -4)*1.
11
Let f(a) = a + 3. Let u be f(-3). Suppose 5*d = -u*d + 25. Suppose -2 = q - d. List the prime factors of q.
3
Suppose 5*r - n = 36, -n - 26 = -3*r + 4*n. What are the prime factors of (r - 83)/((-4)/2)?
2, 19
Suppose -15 = -4*w + w. Let m = w + -3. List the prime factors of m.
2
Suppose -r - 9 = -5. What are the prime factors of (5 + -2)/(r/(-36))?
3
Suppose 2*q = 4*t - 6*t, -t = -5*q + 12. What are the prime factors of q?
2
Suppose -4*s - 2*p = 2*p - 272, -4*p = 2*s - 142. What are the prime factors of s?
5, 13
Let x = 8 + 1. List the prime factors of x.
3
Let y(z) = 8*z + 2. Suppose -u - 1 = -4. List the prime factors of y(u).
2, 13
Suppose 5*a + 245 = 4*m, -2*a + 0*a - 120 = -2*m. List the prime factors of m.
5, 11
Let a = -15 + 20. Suppose -2*f + a*f - 78 = 0. List the prime factors of f.
2, 13
Let j(r) = 10*r**3 + r**2 - 1. Let c be j(-1). List the prime factors of 102/15 + (-2)/c.
7
Suppose q = 2*j + 140, -7*q - 2*j + 380 = -4*q. List the prime factors of q.
2, 5, 13
Let a(x) = x + 5. Let s = -8 + 3. Let o be a(s). Suppose 3*r + 5*f = -o*r - 1, 2*r - f - 8 = 0. What are the prime factors of r?
3
Let b(h) be the first derivative of 3*h**4 + 2*h**3/3 - h**2 + h - 4. List the prime factors of b(1).
13
Suppose j = 4*k - 19, -4*j + 6*k - k - 21 = 0. Let y = j + -1. Suppose 7*i - 2*i - 10 = y. List the prime factors of i.
2
Suppose 3*p = 2*n - 11, 0*n + p + 6 = 3*n. What are the prime factors of (1/(-3))/(n/(-12))?
2
Let a(l) = -l + 12. What are the prime factors of a(10)?
2
Let z(q) = 6*q**2 - q + 1. Let o(m) = -m**2 + m + 0*m**2 + m. Let b be o(1). List the prime factors of z(b).
2, 3
Suppose -3*n - 2*s = -2, -5*n + 2*s = 15 + 3. Let i(d) = -2*d - 2. Let x be i(n). Suppose -60 = -x*l - 3*l. What are the prime factors of l?
2, 3
Suppose 0 = -z + 2. Suppose 3*x - 42 + 224 = 4*v, 2*v + z*x = 84. Suppose 2*g + 8 = v. What are the prime factors of g?
2, 3
Let g be 1/(2/(-6)*-1). Suppose d + 32 = 6*d + 4*t, 3 = g*d - 3*t. What are the prime factors of ((-30)/d)/((-9)/12)?
2, 5
Let f(a) = -a - 3. Let o be f(-3). Suppose 0 = -5*g + 2*j + 113, o = g + 5*j - 0*j - 1. List the prime factors of g.
3, 7
Let n(t) = -35*t - 3. List the prime factors of n(-4).
137
What are the prime factors of -62*(-4)/32*12?
3, 31
Suppose 4*l = 5*o + 235, -3*l - 127 + 13 = 3*o. Let q = 92 + o. Suppose -3*s + q = 2*x - 6*x, s = -2*x + 23. List the prime factors of s.
19
Let f(k) = -k + 9. Let o be f(7). Suppose 12 = o*w + 2*w.